3)/(-1) + -3?
6
Let i(a) = a**3 - 4*a**2 - 11*a + 14. Let l be i(6). Suppose -3*p = -65 + l. What is the tens digit of p?
1
Let n(u) = u**3 - 2*u**3 - 6*u**2 + 8 + u + 0*u**3 - 2*u**2. Let r be n(-8). Suppose -4*p = 2*v - r*v + 6, -2*v + 5*p + 21 = 0. What is the units digit of v?
3
Let i be 325/45 + 4/(-18). Let t = 7 - i. Suppose z - 3*h = -t*h + 31, 2 = h. What is the tens digit of z?
3
Suppose -4*y - 12 = -0. What is the tens digit of (-5 - y - (-2 + -3)) + 52?
5
Let g be ((-15)/18 - -1) + 1/(-6). What is the units digit of -162*(7/14)/(g - 1)?
1
Suppose 3*p = -p + 12. Suppose -5 = -p*z - 101. Let d = 54 + z. What is the tens digit of d?
2
Suppose 5*g - 9373 = -3*k, -3*g + 1871 = -2*g - 3*k. What is the units digit of g?
4
Suppose -425 = -2*k - 3*q, -6*q - 235 = -k - 3*q. What is the tens digit of k?
2
Let o = 35 - 39. What is the tens digit of 2560/(-60)*6/o?
6
Suppose 6*j + 80 = j. Let l(p) = -p**3 - 16*p**2 - 6*p - 40. What is the units digit of l(j)?
6
Let x(m) = 3*m**2 - 4*m + 6. Let y be x(6). Let h = y + 88. What is the hundreds digit of h?
1
Suppose -2*t = 4*t - 1464. Suppose 0 = 2*c - 0*c - t. What is the hundreds digit of c?
1
Suppose -9*g + 1956 = -3*g. What is the tens digit of g?
2
Let a(w) = w**3 + 19*w**2 - 25*w - 8. Let k be a(-20). Suppose 0 = r - k - 25. What is the tens digit of r?
1
Suppose 5*b = -2*w + 1, 3*w + b = -0*b + 8. Suppose -141 = -3*q - 3*l, w*q - 5*l = -0*l + 125. What is the units digit of q?
5
Suppose -3*h + 4*z + 1 = 2*h, 3*z - 2 = h. What is the units digit of ((-496)/(-48))/(h/6)?
2
Suppose 24*k - 27*k + 1320 = 0. What is the hundreds digit of k?
4
Suppose 7 = 5*r - 13. Let x(n) = 2*n - 3. Let s be x(r). Suppose -3*z + 114 = -5*y, -4*y = -4*z + s*z - 55. What is the units digit of z?
3
Suppose -4*q = -4*a - 148, -2*a + 3*q = 19 + 59. Let p(v) = -v**3 + 5*v**2 - 2*v + 7. Let b be p(6). Let l = a - b. What is the units digit of l?
8
Let y(f) be the third derivative of 1/120*f**6 - 4*f**2 + 0 - 1/4*f**4 - 2/15*f**5 + 0*f - f**3. What is the tens digit of y(9)?
2
Let y be (1 + (-4)/3)*-12. Suppose -y*w + 6*w + 8 = 0. What is the units digit of (-46)/(-8) + (-1)/w?
6
Let t = 5085 + -3570. What is the hundreds digit of t?
5
Let q(r) = 2*r**2 - 2*r - 5. Let c(a) = a**2 + 4*a - 1. Let s be c(-3). Let n be q(s). What is the units digit of 4/(-14) + 360/n?
0
Let g(d) = -84*d**3 + 7*d**2 + 6*d - 2. What is the units digit of g(-2)?
6
Let c be 6/(-2*5/(-10)). Suppose 0 = 2*t + 2*t + 20. What is the tens digit of ((-63)/c)/(t/10)?
2
Let w(l) = l**3 + 12*l**2 + 2*l + 10. Let g be w(-11). Let k = g + -28. What is the units digit of k?
1
What is the tens digit of 5443/2 - 132/(-24)?
2
Let v(l) be the second derivative of -l**3/3 + l**2 + 4*l. Let p be v(0). Suppose -3*f = 4*u + 36 - 160, -p*f + 64 = 2*u. What is the units digit of u?
8
Suppose -5*h + 25 = -2*w, 3*h - 2*w - 34 = 3*w. Suppose 39 = -h*v + 150. What is the tens digit of 7 + -11 - -1*v?
3
Suppose -28*z + 8190 = -3514. What is the hundreds digit of z?
4
Let y(l) = l + l**2 + 12*l - 2*l + 0*l + 0*l - 19. Suppose -g - 34 = 4*h + 25, 0 = -h - 5*g - 29. What is the tens digit of y(h)?
2
Let u be 11/2 - (1 - (-4)/(-8)). Suppose 688 = u*j - 37. What is the tens digit of j?
4
Let k = 80 + -75. Suppose -4*o + 3*o + 105 = -5*d, -3*o + 335 = -k*d. What is the tens digit of o?
1
Let d(q) = 37*q - 4. What is the hundreds digit of d(9)?
3
Suppose -g + 5209 = 3*t + t, 4*t + 3*g = 5211. What is the units digit of t?
2
Let i = 31 + -23. Suppose i*r - 414 = 2*r. What is the tens digit of r?
6
Let r(v) = 3*v**3 - v**2 + 4*v - 3. Let a be r(1). Suppose 3*k + 4*h + 9 - 288 = 0, -a*k + h = -279. What is the tens digit of k?
9
Let p(n) be the first derivative of -38*n**2 - 5*n + 30. What is the tens digit of p(-1)?
7
Let o be (8/(-3))/(3/9). Let t be 2/o - (-153)/(-12). Let n = -10 - t. What is the units digit of n?
3
Suppose 0 = 5*v + 11*r - 15*r - 12943, -2*r + 7757 = 3*v. What is the units digit of v?
7
Suppose 165 = -5*c - 2*t, -2*c + 2*t - 62 = 4. Let g = c + 85. What is the tens digit of g?
5
Suppose 6*s = 12*s - 18. Suppose -s*x = -8*x + 100. What is the units digit of x?
0
Suppose -2*l + 51 = 157. Let g = l - -67. What is the tens digit of g?
1
Suppose 6438 = 2*o + 1736. What is the units digit of o?
1
Let m = -23 + 13. Let f be ((-7)/2)/((-5)/m). Let z(r) = r + 15. What is the units digit of z(f)?
8
Suppose 37 - 405 = -4*o. Suppose 0 = 7*c - 11*c + o. Suppose -g - 1 = -c. What is the tens digit of g?
2
Let d be (9/5)/(18/60 + 0). Suppose -d*p + 4*p = -16. What is the units digit of p?
8
Let z be -43 - 0 - (-5 - -1). Let v = z + 77. What is the tens digit of v?
3
What is the thousands digit of 0*10/(-110) + 1394?
1
Let r(b) = -b + 7. Let h be r(12). What is the units digit of -89*((-2)/h + 14/(-10))?
9
Let s be 16 - (2 + -2)/4. Suppose 2*m = -s + 110. What is the units digit of m?
7
Suppose -5*b + 2*j + 70 = -5, 0 = b + 2*j - 3. Suppose -b*u = -12*u - 4. Suppose m = -u*m + 260. What is the tens digit of m?
5
Suppose 20 = 4*y - 5*a, a = -2*y - 4*a - 20. Suppose 25*v - 23*v - 58 = y. What is the units digit of v?
9
Let f = 142 - -517. What is the tens digit of f?
5
Suppose 0 = -18*s + 6091 + 533. What is the hundreds digit of s?
3
Let w(i) = -i**3 + i**2 + 3*i. Let m be w(-3). Suppose 4*j = 5*y + 406, 2*j - 169 = -y + m. What is the tens digit of j?
9
Let z = 61 + -81. What is the tens digit of 16/z - 216/(-20)?
1
Suppose -5*w - 5 = -25. Suppose i + 71 + 47 = -3*f, -4*f - w*i - 168 = 0. What is the units digit of (f*(2 - 3))/2?
9
Let h = -546 - -580. What is the tens digit of h?
3
Let p = -973 + 1653. What is the tens digit of p?
8
Suppose -5*y - 5*v = -5, -6*v - 20 = -v. Suppose 6*p = y + 115. What is the tens digit of p?
2
Suppose 3*j = 2*s + 19, 0 = -7*s + 10*s + 6. Suppose 3*p + i = 145, j*i - 15 = 5. What is the tens digit of p?
4
Let x(c) = 90*c**2 + c + 1. Suppose 2*r - 3*m + 0 = -17, -4*r + 4*m - 24 = 0. What is the tens digit of x(r)?
9
Suppose -2*p + 103 = 5*y - 20, 4*p - 222 = -2*y. Let o = 180 - p. What is the hundreds digit of o?
1
Let l(n) be the second derivative of -n**3/3 + n**2/2 - 4*n. Let i be l(-1). Suppose 2*f - 20 = h, -i*h = -3*f - 0*h + 36. What is the units digit of f?
8
Let g(k) = 7*k**2 - 16*k - 10. What is the units digit of g(-9)?
1
Suppose -2*n = o - 543, 770 = 5*o + 2*n - 1945. What is the hundreds digit of o?
5
Let q = 2647 + -1722. What is the tens digit of q?
2
Let i(p) = 17*p + 49. Let z be i(11). Suppose 31*a - 35*a = -z. What is the units digit of a?
9
Let r = 6 + -4. Suppose 5*p = r*o + 126 + 374, -o - 495 = -5*p. What is the units digit of (p/21)/(2/6)?
4
Suppose 0 = 10*s - 3993 - 3407. What is the units digit of s?
0
Let y be (5 - -5*(-6)/15) + 380. Let m = y + -227. What is the tens digit of m?
5
Suppose -2*t = t - 12. Let n = 6 - t. Suppose -2*k - 5*x + 23 = -14, 0 = -k - n*x + 17. What is the tens digit of k?
1
Let n be 8/3*(-18)/(-12). Suppose p - 261 = -3*r, 0*p - n*p = -4*r + 364. What is the units digit of r?
8
Let d = -91 + 65. Let a = -94 - d. What is the units digit of (a/6)/(2/(-3))?
7
Let v(t) = -t**3 - t**2 - 2*t + 413. What is the hundreds digit of v(0)?
4
Let o(u) = u**2 - 8*u + 10. Suppose 3*q - 12 = 2*z + 3, 2*q = z + 7. What is the units digit of o(z)?
3
Let h be -6*((-6)/4 + 0). What is the tens digit of (84/16)/(h/48)?
2
Suppose -2*c = -4*c - 28. Let t be 0 + -1 - (-44)/4. Let v = t - c. What is the tens digit of v?
2
Suppose 0 = 34*f - 38*f + 4*m + 20088, -f = 2*m - 5025. What is the thousands digit of f?
5
Suppose 2*g + 4*o = 0, -5 = -g + 3*o - 0*o. What is the tens digit of ((-10)/5)/(g/(-236))?
3
Let s = 124 - 64. Let v = -38 - -41. Suppose 0 = v*d + s - 168. What is the tens digit of d?
3
What is the hundreds digit of 15/((-75)/106)*-5?
1
Suppose -14*d + 10986 = -6052. What is the hundreds digit of d?
2
Let k = 2307 - -2636. What is the thousands digit of k?
4
Let q = 5 - 0. What is the units digit of q?
5
Let i(t) = 2*t**2 - 3*t. Let r be i(2). Suppose 0*o + 2*o = -r. What is the tens digit of (-6)/(-3)*o + 24?
2
Let n(q) = 6*q**2 - 13*q - 123. What is the units digit of n(-15)?
2
Let q = -2 + -14. What is the tens digit of (52/q)/((-1)/(7*4))?
9
Suppose 0*j + 10 = 2*j. Suppose -2*i - j*f - 23 = 0, 23 =